{"id":303,"date":"2022-10-19T09:27:04","date_gmt":"2022-10-19T09:27:04","guid":{"rendered":"https:\/\/sohimin.com\/?post_type=product&#038;p=303"},"modified":"2026-01-06T18:23:47","modified_gmt":"2026-01-06T18:23:47","slug":"manguera-succion-agua-liviana-pesada","status":"publish","type":"product","link":"https:\/\/sohimin.com\/index.php\/producto\/manguera-succion-agua-liviana-pesada\/","title":{"rendered":"Manguera de Succi\u00f3n \u2013  Liviano y Pesado"},"content":{"rendered":"<p>Manguera de succi\u00f3n de agua disponible en <strong data-start=\"211\" data-end=\"249\">servicio liviano y servicio pesado<\/strong>, dise\u00f1ada para aplicaciones de bombeo, drenaje y trasvase de agua en entornos industriales y comerciales.<br data-start=\"355\" data-end=\"358\" \/>Su construcci\u00f3n reforzada evita el colapso durante la aspiraci\u00f3n, garantizando un desempe\u00f1o confiable tanto en trabajos ligeros como en operaciones exigentes.<\/p>\n<p><strong>Aplicaciones:\u00a0<\/strong><\/p>\n<ul>\n<li>Succi\u00f3n de agua limpia<\/li>\n<li>Sistemas de bombeo<\/li>\n<li>Drenaje y vaciado<\/li>\n<li>Uso en industria, agricultura, construcci\u00f3n, entre otros.<\/li>\n<\/ul>\n","protected":false},"excerpt":{"rendered":"<p>Manguera de succi\u00f3n de agua disponible en servicio liviano y servicio pesado, dise\u00f1ada para aplicaciones de bombeo, drenaje y trasvase de agua en entornos industriales y comerciales.Su construcci\u00f3n reforzada evita el colapso durante la aspiraci\u00f3n, garantizando un desempe\u00f1o confiable tanto en trabajos ligeros como en operaciones exigentes. Aplicaciones:\u00a0 Succi\u00f3n de agua limpia Sistemas de bombeo [&hellip;]<\/p>\n","protected":false},"featured_media":302,"template":"","meta":{"_monsterinsights_skip_tracking":false,"_monsterinsights_sitenote_active":false,"_monsterinsights_sitenote_note":"","_monsterinsights_sitenote_category":0,"site-sidebar-layout":"default","site-content-layout":"","ast-site-content-layout":"default","site-content-style":"default","site-sidebar-style":"default","ast-global-header-display":"","ast-banner-title-visibility":"","ast-main-header-display":"","ast-hfb-above-header-display":"","ast-hfb-below-header-display":"","ast-hfb-mobile-header-display":"","site-post-title":"","ast-breadcrumbs-content":"","ast-featured-img":"","footer-sml-layout":"","ast-disable-related-posts":"","theme-transparent-header-meta":"default","adv-header-id-meta":"","stick-header-meta":"","header-above-stick-meta":"","header-main-stick-meta":"","header-below-stick-meta":"","astra-migrate-meta-layouts":"set","ast-page-background-enabled":"default","ast-page-background-meta":{"desktop":{"background-color":"var(--ast-global-color-4)","background-image":"","background-repeat":"repeat","background-position":"center center","background-size":"auto","background-attachment":"scroll","background-type":"","background-media":"","overlay-type":"","overlay-color":"","overlay-opacity":"","overlay-gradient":""},"tablet":{"background-color":"","background-image":"","background-repeat":"repeat","background-position":"center center","background-size":"auto","background-attachment":"scroll","background-type":"","background-media":"","overlay-type":"","overlay-color":"","overlay-opacity":"","overlay-gradient":""},"mobile":{"background-color":"","background-image":"","background-repeat":"repeat","background-position":"center center","background-size":"auto","background-attachment":"scroll","background-type":"","background-media":"","overlay-type":"","overlay-color":"","overlay-opacity":"","overlay-gradient":""}},"ast-content-background-meta":{"desktop":{"background-color":"var(--ast-global-color-5)","background-image":"","background-repeat":"repeat","background-position":"center center","background-size":"auto","background-attachment":"scroll","background-type":"","background-media":"","overlay-type":"","overlay-color":"","overlay-opacity":"","overlay-gradient":""},"tablet":{"background-color":"var(--ast-global-color-5)","background-image":"","background-repeat":"repeat","background-position":"center center","background-size":"auto","background-attachment":"scroll","background-type":"","background-media":"","overlay-type":"","overlay-color":"","overlay-opacity":"","overlay-gradient":""},"mobile":{"background-color":"var(--ast-global-color-5)","background-image":"","background-repeat":"repeat","background-position":"center center","background-size":"auto","background-attachment":"scroll","background-type":"","background-media":"","overlay-type":"","overlay-color":"","overlay-opacity":"","overlay-gradient":""}}},"product_brand":[],"product_cat":[31],"product_tag":[90,84],"class_list":{"0":"post-303","1":"product","2":"type-product","3":"status-publish","4":"has-post-thumbnail","6":"product_cat-mangueras-industriales","7":"product_tag-manguera-de-succion-azul-liviana","8":"product_tag-mangueras-industriales","9":"desktop-align-left","10":"tablet-align-left","11":"mobile-align-left","13":"first","14":"instock","15":"shipping-taxable","16":"product-type-simple"},"yoast_head":"<!-- This site is optimized with the Yoast SEO plugin v27.3 - https:\/\/yoast.com\/product\/yoast-seo-wordpress\/ -->\n<title>Manguera de Succi\u00f3n de Agua Liviana y Pesada | Sohimin<\/title>\n<meta name=\"description\" content=\"Manguera de succi\u00f3n de agua en servicio liviano y pesado. Ideal para bombeo, drenaje y trasvase en aplicaciones industriales.\" \/>\n<meta name=\"robots\" content=\"index, follow, max-snippet:-1, max-image-preview:large, max-video-preview:-1\" \/>\n<link rel=\"canonical\" href=\"https:\/\/sohimin.com\/index.php\/producto\/manguera-succion-agua-liviana-pesada\/\" \/>\n<meta property=\"og:locale\" content=\"es_ES\" \/>\n<meta property=\"og:type\" content=\"article\" \/>\n<meta property=\"og:title\" content=\"Manguera de Succi\u00f3n de Agua Liviana y Pesada | Sohimin\" \/>\n<meta property=\"og:description\" content=\"Manguera de succi\u00f3n de agua en servicio liviano y pesado. Ideal para bombeo, drenaje y trasvase en aplicaciones industriales.\" \/>\n<meta property=\"og:url\" content=\"https:\/\/sohimin.com\/index.php\/producto\/manguera-succion-agua-liviana-pesada\/\" \/>\n<meta property=\"og:site_name\" content=\"Sohimin EIRL\" \/>\n<meta property=\"article:modified_time\" content=\"2026-01-06T18:23:47+00:00\" \/>\n<meta property=\"og:image\" content=\"https:\/\/sohimin.com\/wp-content\/uploads\/2022\/10\/manguera-de-succion.jpg\" \/>\n\t<meta property=\"og:image:width\" content=\"500\" \/>\n\t<meta property=\"og:image:height\" content=\"500\" \/>\n\t<meta property=\"og:image:type\" content=\"image\/jpeg\" \/>\n<meta name=\"twitter:card\" content=\"summary_large_image\" \/>\n<meta name=\"twitter:label1\" content=\"Tiempo de lectura\" \/>\n\t<meta name=\"twitter:data1\" content=\"1 minuto\" \/>\n<script type=\"application\/ld+json\" class=\"yoast-schema-graph\">{\"@context\":\"https:\\\/\\\/schema.org\",\"@graph\":[{\"@type\":\"WebPage\",\"@id\":\"https:\\\/\\\/sohimin.com\\\/index.php\\\/producto\\\/manguera-succion-agua-liviana-pesada\\\/\",\"url\":\"https:\\\/\\\/sohimin.com\\\/index.php\\\/producto\\\/manguera-succion-agua-liviana-pesada\\\/\",\"name\":\"Manguera de Succi\u00f3n de Agua Liviana y Pesada | Sohimin\",\"isPartOf\":{\"@id\":\"https:\\\/\\\/sohimin.com\\\/#website\"},\"primaryImageOfPage\":{\"@id\":\"https:\\\/\\\/sohimin.com\\\/index.php\\\/producto\\\/manguera-succion-agua-liviana-pesada\\\/#primaryimage\"},\"image\":{\"@id\":\"https:\\\/\\\/sohimin.com\\\/index.php\\\/producto\\\/manguera-succion-agua-liviana-pesada\\\/#primaryimage\"},\"thumbnailUrl\":\"https:\\\/\\\/sohimin.com\\\/wp-content\\\/uploads\\\/2022\\\/10\\\/manguera-de-succion.jpg\",\"datePublished\":\"2022-10-19T09:27:04+00:00\",\"dateModified\":\"2026-01-06T18:23:47+00:00\",\"description\":\"Manguera de succi\u00f3n de agua en servicio liviano y pesado. Ideal para bombeo, drenaje y trasvase en aplicaciones industriales.\",\"breadcrumb\":{\"@id\":\"https:\\\/\\\/sohimin.com\\\/index.php\\\/producto\\\/manguera-succion-agua-liviana-pesada\\\/#breadcrumb\"},\"inLanguage\":\"es\",\"potentialAction\":[{\"@type\":\"ReadAction\",\"target\":[\"https:\\\/\\\/sohimin.com\\\/index.php\\\/producto\\\/manguera-succion-agua-liviana-pesada\\\/\"]}]},{\"@type\":\"ImageObject\",\"inLanguage\":\"es\",\"@id\":\"https:\\\/\\\/sohimin.com\\\/index.php\\\/producto\\\/manguera-succion-agua-liviana-pesada\\\/#primaryimage\",\"url\":\"https:\\\/\\\/sohimin.com\\\/wp-content\\\/uploads\\\/2022\\\/10\\\/manguera-de-succion.jpg\",\"contentUrl\":\"https:\\\/\\\/sohimin.com\\\/wp-content\\\/uploads\\\/2022\\\/10\\\/manguera-de-succion.jpg\",\"width\":500,\"height\":500},{\"@type\":\"BreadcrumbList\",\"@id\":\"https:\\\/\\\/sohimin.com\\\/index.php\\\/producto\\\/manguera-succion-agua-liviana-pesada\\\/#breadcrumb\",\"itemListElement\":[{\"@type\":\"ListItem\",\"position\":1,\"name\":\"Portada\",\"item\":\"https:\\\/\\\/sohimin.com\\\/\"},{\"@type\":\"ListItem\",\"position\":2,\"name\":\"Tienda\",\"item\":\"https:\\\/\\\/sohimin.com\\\/index.php\\\/tienda\\\/\"},{\"@type\":\"ListItem\",\"position\":3,\"name\":\"Manguera de Succi\u00f3n \u2013 Liviano y Pesado\"}]},{\"@type\":\"WebSite\",\"@id\":\"https:\\\/\\\/sohimin.com\\\/#website\",\"url\":\"https:\\\/\\\/sohimin.com\\\/\",\"name\":\"Sohimin EIRL\",\"description\":\"Sohimin EIRL\",\"publisher\":{\"@id\":\"https:\\\/\\\/sohimin.com\\\/#organization\"},\"potentialAction\":[{\"@type\":\"SearchAction\",\"target\":{\"@type\":\"EntryPoint\",\"urlTemplate\":\"https:\\\/\\\/sohimin.com\\\/?s={search_term_string}\"},\"query-input\":{\"@type\":\"PropertyValueSpecification\",\"valueRequired\":true,\"valueName\":\"search_term_string\"}}],\"inLanguage\":\"es\"},{\"@type\":\"Organization\",\"@id\":\"https:\\\/\\\/sohimin.com\\\/#organization\",\"name\":\"Sohimin EIRL\",\"alternateName\":\"Sohimin EIRL\",\"url\":\"https:\\\/\\\/sohimin.com\\\/\",\"logo\":{\"@type\":\"ImageObject\",\"inLanguage\":\"es\",\"@id\":\"https:\\\/\\\/sohimin.com\\\/#\\\/schema\\\/logo\\\/image\\\/\",\"url\":\"https:\\\/\\\/sohimin.com\\\/wp-content\\\/uploads\\\/2022\\\/10\\\/logo.png\",\"contentUrl\":\"https:\\\/\\\/sohimin.com\\\/wp-content\\\/uploads\\\/2022\\\/10\\\/logo.png\",\"width\":280,\"height\":88,\"caption\":\"Sohimin EIRL\"},\"image\":{\"@id\":\"https:\\\/\\\/sohimin.com\\\/#\\\/schema\\\/logo\\\/image\\\/\"}}]}<\/script>\n<!-- \/ Yoast SEO plugin. -->","yoast_head_json":{"title":"Manguera de Succi\u00f3n de Agua Liviana y Pesada | Sohimin","description":"Manguera de succi\u00f3n de agua en servicio liviano y pesado. Ideal para bombeo, drenaje y trasvase en aplicaciones industriales.","robots":{"index":"index","follow":"follow","max-snippet":"max-snippet:-1","max-image-preview":"max-image-preview:large","max-video-preview":"max-video-preview:-1"},"canonical":"https:\/\/sohimin.com\/index.php\/producto\/manguera-succion-agua-liviana-pesada\/","og_locale":"es_ES","og_type":"article","og_title":"Manguera de Succi\u00f3n de Agua Liviana y Pesada | Sohimin","og_description":"Manguera de succi\u00f3n de agua en servicio liviano y pesado. Ideal para bombeo, drenaje y trasvase en aplicaciones industriales.","og_url":"https:\/\/sohimin.com\/index.php\/producto\/manguera-succion-agua-liviana-pesada\/","og_site_name":"Sohimin EIRL","article_modified_time":"2026-01-06T18:23:47+00:00","og_image":[{"width":500,"height":500,"url":"https:\/\/sohimin.com\/wp-content\/uploads\/2022\/10\/manguera-de-succion.jpg","type":"image\/jpeg"}],"twitter_card":"summary_large_image","twitter_misc":{"Tiempo de lectura":"1 minuto"},"schema":{"@context":"https:\/\/schema.org","@graph":[{"@type":"WebPage","@id":"https:\/\/sohimin.com\/index.php\/producto\/manguera-succion-agua-liviana-pesada\/","url":"https:\/\/sohimin.com\/index.php\/producto\/manguera-succion-agua-liviana-pesada\/","name":"Manguera de Succi\u00f3n de Agua Liviana y Pesada | Sohimin","isPartOf":{"@id":"https:\/\/sohimin.com\/#website"},"primaryImageOfPage":{"@id":"https:\/\/sohimin.com\/index.php\/producto\/manguera-succion-agua-liviana-pesada\/#primaryimage"},"image":{"@id":"https:\/\/sohimin.com\/index.php\/producto\/manguera-succion-agua-liviana-pesada\/#primaryimage"},"thumbnailUrl":"https:\/\/sohimin.com\/wp-content\/uploads\/2022\/10\/manguera-de-succion.jpg","datePublished":"2022-10-19T09:27:04+00:00","dateModified":"2026-01-06T18:23:47+00:00","description":"Manguera de succi\u00f3n de agua en servicio liviano y pesado. Ideal para bombeo, drenaje y trasvase en aplicaciones industriales.","breadcrumb":{"@id":"https:\/\/sohimin.com\/index.php\/producto\/manguera-succion-agua-liviana-pesada\/#breadcrumb"},"inLanguage":"es","potentialAction":[{"@type":"ReadAction","target":["https:\/\/sohimin.com\/index.php\/producto\/manguera-succion-agua-liviana-pesada\/"]}]},{"@type":"ImageObject","inLanguage":"es","@id":"https:\/\/sohimin.com\/index.php\/producto\/manguera-succion-agua-liviana-pesada\/#primaryimage","url":"https:\/\/sohimin.com\/wp-content\/uploads\/2022\/10\/manguera-de-succion.jpg","contentUrl":"https:\/\/sohimin.com\/wp-content\/uploads\/2022\/10\/manguera-de-succion.jpg","width":500,"height":500},{"@type":"BreadcrumbList","@id":"https:\/\/sohimin.com\/index.php\/producto\/manguera-succion-agua-liviana-pesada\/#breadcrumb","itemListElement":[{"@type":"ListItem","position":1,"name":"Portada","item":"https:\/\/sohimin.com\/"},{"@type":"ListItem","position":2,"name":"Tienda","item":"https:\/\/sohimin.com\/index.php\/tienda\/"},{"@type":"ListItem","position":3,"name":"Manguera de Succi\u00f3n \u2013 Liviano y Pesado"}]},{"@type":"WebSite","@id":"https:\/\/sohimin.com\/#website","url":"https:\/\/sohimin.com\/","name":"Sohimin EIRL","description":"Sohimin EIRL","publisher":{"@id":"https:\/\/sohimin.com\/#organization"},"potentialAction":[{"@type":"SearchAction","target":{"@type":"EntryPoint","urlTemplate":"https:\/\/sohimin.com\/?s={search_term_string}"},"query-input":{"@type":"PropertyValueSpecification","valueRequired":true,"valueName":"search_term_string"}}],"inLanguage":"es"},{"@type":"Organization","@id":"https:\/\/sohimin.com\/#organization","name":"Sohimin EIRL","alternateName":"Sohimin EIRL","url":"https:\/\/sohimin.com\/","logo":{"@type":"ImageObject","inLanguage":"es","@id":"https:\/\/sohimin.com\/#\/schema\/logo\/image\/","url":"https:\/\/sohimin.com\/wp-content\/uploads\/2022\/10\/logo.png","contentUrl":"https:\/\/sohimin.com\/wp-content\/uploads\/2022\/10\/logo.png","width":280,"height":88,"caption":"Sohimin EIRL"},"image":{"@id":"https:\/\/sohimin.com\/#\/schema\/logo\/image\/"}}]}},"_links":{"self":[{"href":"https:\/\/sohimin.com\/index.php\/wp-json\/wp\/v2\/product\/303","targetHints":{"allow":["GET"]}}],"collection":[{"href":"https:\/\/sohimin.com\/index.php\/wp-json\/wp\/v2\/product"}],"about":[{"href":"https:\/\/sohimin.com\/index.php\/wp-json\/wp\/v2\/types\/product"}],"wp:featuredmedia":[{"embeddable":true,"href":"https:\/\/sohimin.com\/index.php\/wp-json\/wp\/v2\/media\/302"}],"wp:attachment":[{"href":"https:\/\/sohimin.com\/index.php\/wp-json\/wp\/v2\/media?parent=303"}],"wp:term":[{"taxonomy":"product_brand","embeddable":true,"href":"https:\/\/sohimin.com\/index.php\/wp-json\/wp\/v2\/product_brand?post=303"},{"taxonomy":"product_cat","embeddable":true,"href":"https:\/\/sohimin.com\/index.php\/wp-json\/wp\/v2\/product_cat?post=303"},{"taxonomy":"product_tag","embeddable":true,"href":"https:\/\/sohimin.com\/index.php\/wp-json\/wp\/v2\/product_tag?post=303"}],"curies":[{"name":"wp","href":"https:\/\/api.w.org\/{rel}","templated":true}]}}